est common factor of 15 and 35?
5
Calculate the highest common factor of 6042 and 912.
114
Calculate the highest common factor of 10556 and 364.
364
What is the greatest common divisor of 32757 and 183?
183
What is the greatest common factor of 884 and 102?
34
What is the greatest common factor of 918 and 5022?
54
What is the highest common divisor of 495 and 1430?
55
Calculate the highest common divisor of 8 and 4.
4
Calculate the greatest common factor of 4626 and 4369.
257
What is the highest common divisor of 88 and 3069?
11
Calculate the greatest common divisor of 1 and 95.
1
Calculate the highest common factor of 54 and 18.
18
Calculate the highest common factor of 288 and 18.
18
Calculate the highest common factor of 16 and 344.
8
Calculate the greatest common divisor of 12 and 92.
4
Calculate the greatest common factor of 703 and 19.
19
What is the greatest common divisor of 1998 and 378?
54
Calculate the highest common divisor of 33 and 3641.
11
What is the highest common divisor of 7075 and 849?
283
What is the highest common factor of 46 and 16284?
46
What is the highest common factor of 48 and 1542?
6
Calculate the highest common factor of 78 and 585.
39
Calculate the greatest common divisor of 630 and 28.
14
What is the greatest common factor of 13 and 4316?
13
What is the greatest common factor of 4 and 500?
4
Calculate the highest common divisor of 5 and 85.
5
What is the highest common factor of 291 and 168?
3
Calculate the greatest common divisor of 4571 and 21.
7
What is the highest common factor of 11 and 4103?
11
What is the greatest common factor of 36 and 456?
12
What is the highest common divisor of 32 and 6704?
16
What is the greatest common divisor of 39 and 195?
39
What is the greatest common factor of 2592 and 2430?
162
Calculate the highest common divisor of 171 and 475.
19
Calculate the greatest common divisor of 306 and 204.
102
What is the highest common divisor of 8 and 40?
8
Calculate the greatest common factor of 100 and 160.
20
What is the highest common divisor of 29271 and 66?
33
What is the highest common divisor of 52 and 16?
4
What is the greatest common factor of 133 and 7?
7
What is the highest common factor of 54 and 621?
27
What is the highest common divisor of 66 and 1452?
66
What is the highest common factor of 76 and 5?
1
What is the greatest common factor of 783 and 27?
27
Calculate the highest common factor of 56 and 228.
4
What is the greatest common factor of 17 and 493?
17
Calculate the greatest common divisor of 2112 and 2288.
176
Calculate the highest common factor of 48 and 384.
48
Calculate the highest common factor of 2139 and 1023.
93
What is the greatest common factor of 182 and 15379?
91
Calculate the highest common divisor of 26 and 2.
2
What is the greatest common divisor of 297 and 243?
27
Calculate the greatest common factor of 340 and 160.
20
Calculate the highest common divisor of 3204 and 36.
36
What is the highest common factor of 4725 and 450?
225
Calculate the highest common divisor of 372 and 36.
12
Calculate the greatest common factor of 804 and 36.
12
Calculate the highest common divisor of 1392 and 1680.
48
Calculate the greatest common divisor of 1273 and 134.
67
What is the greatest common factor of 358 and 11?
1
Calculate the greatest common factor of 2 and 194.
2
Calculate the greatest common divisor of 28 and 52.
4
What is the highest common factor of 3162 and 279?
93
What is the greatest common divisor of 4 and 17428?
4
Calculate the greatest common divisor of 8 and 64.
8
What is the highest common divisor of 2 and 495?
1
Calculate the highest common factor of 120 and 30.
30
What is the greatest common factor of 374 and 85?
17
Calculate the greatest common divisor of 17 and 544.
17
Calculate the greatest common factor of 2672 and 16.
16
Calculate the greatest common divisor of 4 and 2.
2
What is the highest common factor of 6 and 96?
6
Calculate the highest common divisor of 200 and 32.
8
Calculate the greatest common divisor of 36 and 99.
9
Calculate the greatest common divisor of 7208 and 8.
8
Calculate the greatest common divisor of 7260 and 180.
60
Calculate the highest common divisor of 344 and 664.
8
What is the highest common factor of 730 and 657?
73
What is the highest common factor of 26 and 65?
13
Calculate the greatest common factor of 12789 and 1044.
261
Calculate the highest common factor of 1425 and 57.
57
What is the highest common factor of 550 and 8525?
275
What is the greatest common divisor of 74 and 32?
2
What is the highest common divisor of 2865 and 210?
15
Calculate the greatest common divisor of 486 and 18.
18
What is the highest common factor of 432 and 256?
16
Calculate the greatest common factor of 7 and 1043.
7
Calculate the greatest common divisor of 25 and 15.
5
Calculate the highest common divisor of 22 and 970.
2
Calculate the highest common divisor of 143 and 99.
11
What is the greatest common divisor of 53 and 3233?
53
What is the greatest common factor of 814 and 44?
22
What is the greatest common factor of 70 and 290?
10
Calculate the greatest common factor of 16286 and 34.
34
What is the greatest common factor of 437 and 23?
23
Calculate the greatest common divisor of 422 and 8.
2
Calculate the greatest common divisor of 196 and 32.
4
Calculate the greatest common divisor of 120 and 495.
15
Calculate the highest common factor of 24 and 276.
12
Calculate the highest common factor of 418 and 3278.
22
What is the greatest common divisor of 50 and 50?
50
Calculate the greatest common factor of 45 and 30.
15
Calculate the greatest common factor of 80 and 8920.
40
What is the highest common factor of 2898 and 18?
18
Calculate the highest common divisor of 60 and 108.
12
Calculate the greatest common divisor of 656 and 41.
41
Calculate the highest common divisor of 25278 and 66.
66
What is the highest common factor of 420 and 1920?
60
What is the greatest common divisor of 32 and 152?
8
Calculate the highest common factor of 1075 and 375.
25
What is the highest common factor of 28 and 980?
28
Calculate the highest common factor of 22 and 198.
22
What is the highest common divisor of 969 and 171?
57
Calculate the highest common divisor of 85 and 68.
17
Calculate the greatest common factor of 28 and 2863.
7
Calculate the highest common factor of 11 and 979.
11
What is the greatest common divisor of 15 and 2295?
15
What is the highest common factor of 525 and 21?
21
Calculate the highest common factor of 308 and 418.
22
What is the greatest common factor of 414 and 21804?
138
Calculate the highest common factor of 3146 and 52.
26
What is the highest common divisor of 7588 and 14?
14
What is the greatest common divisor of 684 and 152?
76
Calculate the greatest common divisor of 174 and 5858.
58
What is the highest common factor of 410 and 10?
10
What is the greatest common factor of 326 and 3749?
163
Calculate the highest common factor of 414 and 18.
18
What is the highest common divisor of 324 and 28?
4
What is the greatest common factor of 2184 and 756?
84
What is the highest common factor of 403 and 13?
13
Calculate the highest common factor of 355 and 40.
5
What is the highest common divisor of 18 and 78?
6
Calculate the highest common factor of 12 and 1264.
4
What is the greatest common factor of 126 and 15687?
63
What is the greatest common factor of 559 and 13?
13
Calculate the greatest common divisor of 9 and 36.
9
Calculate the highest common factor of 10100 and 80.
20
What is the greatest common divisor of 130 and 890?
10
Calculate the highest common factor of 92 and 161.
23
What is the greatest common divisor of 4690 and 70?
70
What is the greatest common divisor of 23010 and 585?
195
What is the greatest common factor of 185 and 5?
5
What is the highest common factor of 182 and 294?
14
What is the highest common divisor of 931 and 95?
19
Calculate the highest common divisor of 170 and 2890.
170
Calculate the greatest common factor of 8295 and 21.
21
What is the highest common divisor of 270 and 216?
54
What is the highest common factor of 246 and 328?
82
Calculate the highest common factor of 36 and 2151.
9
What is the greatest common divisor of 96 and 330?
6
What is the highest common factor of 161 and 5612?
23
Calculate